{"id":2386,"date":"2026-02-15T17:52:23","date_gmt":"2026-02-15T16:52:23","guid":{"rendered":"https:\/\/brezice.eu\/festival\/?page_id=2386"},"modified":"2026-03-04T10:35:43","modified_gmt":"2026-03-04T09:35:43","slug":"prijavnica-2026","status":"publish","type":"page","link":"https:\/\/brezice.eu\/festival\/prijavnica-2026\/","title":{"rendered":"Razpis 2026"},"content":{"rendered":"\n<h1 class=\"wp-block-heading\"><strong>Razpis za 10. Mednarodni otro\u0161ki pevski festival Bre\u017eice 2026<\/strong><\/h1>\n\n\n\n<p>Festival je brezpla\u010den = 0 EUR.<\/p>\n\n\n\n<p>Mednarodni otro\u0161ki pevski festival Bre\u017eice 2026<br><br>Organizator festivala:<br>Partitura d.o.o.<br>Gornji trg 20<br>1000 Ljubljana<\/p>\n\n\n\n<p>Spo\u0161tovani star\u0161i, mentorji, pevke in pevci,<\/p>\n\n\n\n<p>objavljamo razpis za sodelovanje na 10. Mednarodnem otro\u0161kem pevskem festivalu Bre\u017eice 2026 (MOPF Bre\u017eice). Festivala se lahko tako kot vedno, udele\u017eijo pevke in pevci, stari od 6 do vklju\u010dno 17 let, v treh starostnih skupinah:<\/p>\n\n\n\n<p><strong>Prva starostna skupina, od 6 do 9 let<\/strong><br>Prijavitelji morajo biti star\u0161i ali skrbniki pevca ali pevke, mentorji lahko asistirajo pri prijavi. Pevci in pevke se lahko prijavijo z eno poljubno pesmijo iz palete zabavnih \u017eanrov, v kateremkoli jeziku. Prijavitelji morajo priskrbeti <strong>maksimalno 4 minute<\/strong> dolgo glasbeno podlago v <strong>mp3<\/strong> obliki, z vsaj 192kbps vzor\u010denjem in jo poslati v prijavnem obrazcu ob prijavi. Prijavitelji bodo morali podpisati izjave o strinjanju s pogoji sodelovanja in GDPR izjave.<\/p>\n\n\n\n<p><strong>Druga starostna skupina, od 10 do 13 let<\/strong><br>Prijavitelji morajo biti star\u0161i ali skrbniki pevca ali pevke, mentorji lahko asistirajo pri prijavi. Pevci in pevke se lahko prijavijo z eno poljubno pesmijo iz palete zabavnih \u017eanrov, v kateremkoli jeziku. Prijavitelji morajo priskrbeti <strong>maksimalno 4 minute<\/strong> dolgo glasbeno podlago v <strong>mp3<\/strong> obliki, z vsaj 192kbps vzor\u010denjem in jo poslati v prijavnem obrazcu ob prijavi. Prijavitelji bodo morali podpisati izjave o strinjanju s pogoji sodelovanja in GDPR izjave.<\/p>\n\n\n\n<p><strong>Tretja starostna skupina, od 14 do 17 let<\/strong><br>Prijavitelji morajo biti star\u0161i ali skrbniki pevca ali pevke, mentorji lahko asistirajo pri prijavi. Pevci in pevke se lahko prijavijo z avtorsko skladbo, ki je bila napisana posebej za njih in je ni izvajal, posnel ali izdal \u0161e nih\u010de, ali pa se prijavijo s priredbo (cover). Glasbena spremljava mora biti <strong>maksimalno 4 minute<\/strong> dolga, kakovostna, brez posnetega glavnega vokala. Prijavitelji bodo morali podpisati izjave o strinjanju s pogoji sodelovanja, GDPR izjave in izjave avtorjev, morebitnih zalo\u017enikov in izvajalcev, o odstopu pravic za neomejeno uporabo pesmi, za potrebe MOPF Bre\u017eice.<\/p>\n\n\n\n<p>Prijavitelj mora biti eden od star\u0161ev in ne oba. Prijavitelj je lahko tudi zakoniti skrbnik otroka, \u010de otrok nima star\u0161ev. <strong>Mentor ali u\u010ditelj petja, ne more biti prijavitelj, ker prav tako ne more biti podpisnik izjav o sprejemanju pogojev sodelovanja na festivalu.<\/strong><\/p>\n\n\n\n<p>Prijavitelj mora za uspe\u0161no elektronsko prijavo razpolagati z delujo\u010dim elektronskim po\u0161tnim naslovom in kontaktno telefonsko \u0161tevilko, ki jo bo organizator lahko uporabil pri komunikaciji, za potrebe organizacije MOPF Bre\u017eice.<\/p>\n\n\n\n<p>Po uspe\u0161no oddani elektronski prijavi na avdicijo festivala, boste avtomati\u010dno na elektronsko po\u0161to prejeli potrdilo o prijavi na avdicijo. Na avdiciji boste morali podpisati izjave prijaviteljev, v primeru opravljene avdicije pa \u0161e izjave avtorjev, da organizatorju festivala dovolijo javno predvajanje pesmi.<\/p>\n\n\n\n<p>Datum avdicij za MOPF Bre\u017eice 2026:<\/p>\n\n\n\n<p>Nedelja, 14 6. 2026 ob 14:00, v Domu kulture Bre\u017eice, na naslovu: Trg Jo\u017eeta Topori\u0161i\u010da 3, Bre\u017eice, Slovenija (Parkiranje v primeru gne\u010de: <a href=\"https:\/\/maps.app.goo.gl\/bDT724wvkRBFAAG49\" target=\"_blank\" rel=\"noreferrer noopener\">https:\/\/maps.app.goo.gl\/bDT724wvkRBFAAG49<\/a> )<\/p>\n\n\n\n<p>Za udele\u017eence, ki so od zgornjih lokacij oddaljeni ve\u010d kot 100 km, omogo\u010damo tudi avdicijo z &nbsp;video posnetkom pod naslednjimi pogoji:<br>V primeru, da izberete avdicijo s posnetkom, morate v naslednji to\u010dki tega obrazca dodati \u0161e YouTube povezavo do va\u0161ega posnetka petja v \u017eivo ob glasbeni spremljavi, sicer prijava ne bo veljavna.&nbsp;<\/p>\n\n\n\n<p>Datum 1. dela polfinalnega izbora: 21. 8. 2026 (MC Bre\u017eice)<br>Datum 2. dela polfinalnega izbora: 22. 8. 2026 (MC Bre\u017eice)<br>Datum finalnega izbora: 23. 8. 2026 (Grad Bre\u017eice)<\/p>\n\n\n\n<p><strong>Rok za prijavo:&nbsp; 1. 6. 2026<\/strong><\/p>\n\n\n\n<p><strong>S prijavo se prijavitelj obve\u017ee, da bo z udele\u017eenko ali udele\u017eencem festivala na voljo in se bo lahko udele\u017eil vseh festivalskih dejavnosti iz zgoraj navedenih datumov.<\/strong><\/p>\n\n\n\n<p>S klikom na spodnji gumb \u201cPrijava\u2026\u201d se strinjate, da bo organizator uporabil vse poslane podatke za potrebe organizacije festivala, po pravilih in dolo\u010dbah organizatorja, javno in brez omejitev.<\/p>\n\n\n\n<p>Dva udele\u017eenca ne moreta imeti enake pesmi zato velja pravilo, da ima pravico do prijave z dolo\u010deno pesmijo tisti, ki je prijavo oddal prijavo prvi. <\/p>\n\n\n\n<div class=\"wp-block-buttons is-layout-flex wp-block-buttons-is-layout-flex\">\n<div class=\"wp-block-button\"><a class=\"wp-block-button__link has-white-color has-vivid-cyan-blue-background-color has-text-color has-background wp-element-button\" href=\"https:\/\/forms.gle\/ryFNV3P18v1nQobK7\" target=\"_blank\" rel=\"noreferrer noopener\">Prijava na Mednarodni otro\u0161ki pevski festival Bre\u017eice 2026<\/a><\/div>\n<\/div>\n\n\n\n<p><\/p>\n","protected":false},"excerpt":{"rendered":"<p>Razpis za 10. Mednarodni otro\u0161ki pevski festival Bre\u017eice 2026 Festival je brezpla\u010den = 0 EUR. Mednarodni otro\u0161ki pevski festival Bre\u017eice 2026 Organizator festivala:Partitura d.o.o.Gornji trg 201000 Ljubljana Spo\u0161tovani star\u0161i, mentorji, pevke in pevci, objavljamo razpis za sodelovanje na 10. Mednarodnem otro\u0161kem pevskem festivalu Bre\u017eice 2026 (MOPF Bre\u017eice). Festivala se lahko tako kot vedno, udele\u017eijo pevke &hellip; <\/p>\n<p class=\"link-more\"><a href=\"https:\/\/brezice.eu\/festival\/prijavnica-2026\/\" class=\"more-link\">Preberi ve\u010d<span class=\"screen-reader-text\"> &#8220;Razpis 2026&#8221;<\/span><\/a><\/p>\n","protected":false},"author":1,"featured_media":3073,"parent":0,"menu_order":0,"comment_status":"closed","ping_status":"closed","template":"","meta":{"footnotes":""},"class_list":["post-2386","page","type-page","status-publish","has-post-thumbnail","hentry"],"yoast_head":"<!-- This site is optimized with the Yoast SEO plugin v27.4 - https:\/\/yoast.com\/product\/yoast-seo-wordpress\/ -->\n<title>Razpis 2026 - Mednarodni otro\u0161ki pevski festival Bre\u017eice<\/title>\n<meta name=\"robots\" content=\"index, follow, max-snippet:-1, max-image-preview:large, max-video-preview:-1\" \/>\n<link rel=\"canonical\" href=\"https:\/\/brezice.eu\/festival\/prijavnica-2026\/\" \/>\n<meta property=\"og:locale\" content=\"sl_SI\" \/>\n<meta property=\"og:type\" content=\"article\" \/>\n<meta property=\"og:title\" content=\"Razpis 2026 - Mednarodni otro\u0161ki pevski festival Bre\u017eice\" \/>\n<meta property=\"og:description\" content=\"Razpis za 10. Mednarodni otro\u0161ki pevski festival Bre\u017eice 2026 Festival je brezpla\u010den = 0 EUR. Mednarodni otro\u0161ki pevski festival Bre\u017eice 2026 Organizator festivala:Partitura d.o.o.Gornji trg 201000 Ljubljana Spo\u0161tovani star\u0161i, mentorji, pevke in pevci, objavljamo razpis za sodelovanje na 10. Mednarodnem otro\u0161kem pevskem festivalu Bre\u017eice 2026 (MOPF Bre\u017eice). Festivala se lahko tako kot vedno, udele\u017eijo pevke &hellip; Preberi ve\u010d &quot;Razpis 2026&quot;\" \/>\n<meta property=\"og:url\" content=\"https:\/\/brezice.eu\/festival\/prijavnica-2026\/\" \/>\n<meta property=\"og:site_name\" content=\"Mednarodni otro\u0161ki pevski festival Bre\u017eice\" \/>\n<meta property=\"article:modified_time\" content=\"2026-03-04T09:35:43+00:00\" \/>\n<meta property=\"og:image\" content=\"https:\/\/brezice.eu\/festival\/wp-content\/uploads\/2026\/03\/Mopf-25-Final-108-scaled.jpg\" \/>\n\t<meta property=\"og:image:width\" content=\"2560\" \/>\n\t<meta property=\"og:image:height\" content=\"1707\" \/>\n\t<meta property=\"og:image:type\" content=\"image\/jpeg\" \/>\n<meta name=\"twitter:card\" content=\"summary_large_image\" \/>\n<meta name=\"twitter:label1\" content=\"Est. reading time\" \/>\n\t<meta name=\"twitter:data1\" content=\"4 minute\" \/>\n<script type=\"application\/ld+json\" class=\"yoast-schema-graph\">{\"@context\":\"https:\\\/\\\/schema.org\",\"@graph\":[{\"@type\":\"WebPage\",\"@id\":\"https:\\\/\\\/brezice.eu\\\/festival\\\/prijavnica-2026\\\/\",\"url\":\"https:\\\/\\\/brezice.eu\\\/festival\\\/prijavnica-2026\\\/\",\"name\":\"Razpis 2026 - Mednarodni otro\u0161ki pevski festival Bre\u017eice\",\"isPartOf\":{\"@id\":\"https:\\\/\\\/brezice.eu\\\/festival\\\/#website\"},\"primaryImageOfPage\":{\"@id\":\"https:\\\/\\\/brezice.eu\\\/festival\\\/prijavnica-2026\\\/#primaryimage\"},\"image\":{\"@id\":\"https:\\\/\\\/brezice.eu\\\/festival\\\/prijavnica-2026\\\/#primaryimage\"},\"thumbnailUrl\":\"https:\\\/\\\/brezice.eu\\\/festival\\\/wp-content\\\/uploads\\\/2026\\\/03\\\/Mopf-25-Final-108-scaled.jpg\",\"datePublished\":\"2026-02-15T16:52:23+00:00\",\"dateModified\":\"2026-03-04T09:35:43+00:00\",\"breadcrumb\":{\"@id\":\"https:\\\/\\\/brezice.eu\\\/festival\\\/prijavnica-2026\\\/#breadcrumb\"},\"inLanguage\":\"sl-SI\",\"potentialAction\":[{\"@type\":\"ReadAction\",\"target\":[\"https:\\\/\\\/brezice.eu\\\/festival\\\/prijavnica-2026\\\/\"]}]},{\"@type\":\"ImageObject\",\"inLanguage\":\"sl-SI\",\"@id\":\"https:\\\/\\\/brezice.eu\\\/festival\\\/prijavnica-2026\\\/#primaryimage\",\"url\":\"https:\\\/\\\/brezice.eu\\\/festival\\\/wp-content\\\/uploads\\\/2026\\\/03\\\/Mopf-25-Final-108-scaled.jpg\",\"contentUrl\":\"https:\\\/\\\/brezice.eu\\\/festival\\\/wp-content\\\/uploads\\\/2026\\\/03\\\/Mopf-25-Final-108-scaled.jpg\",\"width\":2560,\"height\":1707},{\"@type\":\"BreadcrumbList\",\"@id\":\"https:\\\/\\\/brezice.eu\\\/festival\\\/prijavnica-2026\\\/#breadcrumb\",\"itemListElement\":[{\"@type\":\"ListItem\",\"position\":1,\"name\":\"Home\",\"item\":\"https:\\\/\\\/brezice.eu\\\/festival\\\/\"},{\"@type\":\"ListItem\",\"position\":2,\"name\":\"Razpis 2026\"}]},{\"@type\":\"WebSite\",\"@id\":\"https:\\\/\\\/brezice.eu\\\/festival\\\/#website\",\"url\":\"https:\\\/\\\/brezice.eu\\\/festival\\\/\",\"name\":\"Mednarodni otro\u0161ki pevski festival Bre\u017eice\",\"description\":\"Predstavljamo vam najbolj\u0161e mlade evropske pevce od 6 do vklju\u010dno 17 let\",\"publisher\":{\"@id\":\"https:\\\/\\\/brezice.eu\\\/festival\\\/#organization\"},\"potentialAction\":[{\"@type\":\"SearchAction\",\"target\":{\"@type\":\"EntryPoint\",\"urlTemplate\":\"https:\\\/\\\/brezice.eu\\\/festival\\\/?s={search_term_string}\"},\"query-input\":{\"@type\":\"PropertyValueSpecification\",\"valueRequired\":true,\"valueName\":\"search_term_string\"}}],\"inLanguage\":\"sl-SI\"},{\"@type\":\"Organization\",\"@id\":\"https:\\\/\\\/brezice.eu\\\/festival\\\/#organization\",\"name\":\"Mednarodni otro\u0161ki pevski festival Bre\u017eice\",\"url\":\"https:\\\/\\\/brezice.eu\\\/festival\\\/\",\"logo\":{\"@type\":\"ImageObject\",\"inLanguage\":\"sl-SI\",\"@id\":\"https:\\\/\\\/brezice.eu\\\/festival\\\/#\\\/schema\\\/logo\\\/image\\\/\",\"url\":\"https:\\\/\\\/brezice.eu\\\/festival\\\/wp-content\\\/uploads\\\/2020\\\/02\\\/cropped-MOPFBrezice-logo-z-belim-ozadjem-transparent-1.png\",\"contentUrl\":\"https:\\\/\\\/brezice.eu\\\/festival\\\/wp-content\\\/uploads\\\/2020\\\/02\\\/cropped-MOPFBrezice-logo-z-belim-ozadjem-transparent-1.png\",\"width\":990,\"height\":250,\"caption\":\"Mednarodni otro\u0161ki pevski festival Bre\u017eice\"},\"image\":{\"@id\":\"https:\\\/\\\/brezice.eu\\\/festival\\\/#\\\/schema\\\/logo\\\/image\\\/\"}}]}<\/script>\n<!-- \/ Yoast SEO plugin. -->","yoast_head_json":{"title":"Razpis 2026 - Mednarodni otro\u0161ki pevski festival Bre\u017eice","robots":{"index":"index","follow":"follow","max-snippet":"max-snippet:-1","max-image-preview":"max-image-preview:large","max-video-preview":"max-video-preview:-1"},"canonical":"https:\/\/brezice.eu\/festival\/prijavnica-2026\/","og_locale":"sl_SI","og_type":"article","og_title":"Razpis 2026 - Mednarodni otro\u0161ki pevski festival Bre\u017eice","og_description":"Razpis za 10. Mednarodni otro\u0161ki pevski festival Bre\u017eice 2026 Festival je brezpla\u010den = 0 EUR. Mednarodni otro\u0161ki pevski festival Bre\u017eice 2026 Organizator festivala:Partitura d.o.o.Gornji trg 201000 Ljubljana Spo\u0161tovani star\u0161i, mentorji, pevke in pevci, objavljamo razpis za sodelovanje na 10. Mednarodnem otro\u0161kem pevskem festivalu Bre\u017eice 2026 (MOPF Bre\u017eice). Festivala se lahko tako kot vedno, udele\u017eijo pevke &hellip; Preberi ve\u010d \"Razpis 2026\"","og_url":"https:\/\/brezice.eu\/festival\/prijavnica-2026\/","og_site_name":"Mednarodni otro\u0161ki pevski festival Bre\u017eice","article_modified_time":"2026-03-04T09:35:43+00:00","og_image":[{"width":2560,"height":1707,"url":"https:\/\/brezice.eu\/festival\/wp-content\/uploads\/2026\/03\/Mopf-25-Final-108-scaled.jpg","type":"image\/jpeg"}],"twitter_card":"summary_large_image","twitter_misc":{"Est. reading time":"4 minute"},"schema":{"@context":"https:\/\/schema.org","@graph":[{"@type":"WebPage","@id":"https:\/\/brezice.eu\/festival\/prijavnica-2026\/","url":"https:\/\/brezice.eu\/festival\/prijavnica-2026\/","name":"Razpis 2026 - Mednarodni otro\u0161ki pevski festival Bre\u017eice","isPartOf":{"@id":"https:\/\/brezice.eu\/festival\/#website"},"primaryImageOfPage":{"@id":"https:\/\/brezice.eu\/festival\/prijavnica-2026\/#primaryimage"},"image":{"@id":"https:\/\/brezice.eu\/festival\/prijavnica-2026\/#primaryimage"},"thumbnailUrl":"https:\/\/brezice.eu\/festival\/wp-content\/uploads\/2026\/03\/Mopf-25-Final-108-scaled.jpg","datePublished":"2026-02-15T16:52:23+00:00","dateModified":"2026-03-04T09:35:43+00:00","breadcrumb":{"@id":"https:\/\/brezice.eu\/festival\/prijavnica-2026\/#breadcrumb"},"inLanguage":"sl-SI","potentialAction":[{"@type":"ReadAction","target":["https:\/\/brezice.eu\/festival\/prijavnica-2026\/"]}]},{"@type":"ImageObject","inLanguage":"sl-SI","@id":"https:\/\/brezice.eu\/festival\/prijavnica-2026\/#primaryimage","url":"https:\/\/brezice.eu\/festival\/wp-content\/uploads\/2026\/03\/Mopf-25-Final-108-scaled.jpg","contentUrl":"https:\/\/brezice.eu\/festival\/wp-content\/uploads\/2026\/03\/Mopf-25-Final-108-scaled.jpg","width":2560,"height":1707},{"@type":"BreadcrumbList","@id":"https:\/\/brezice.eu\/festival\/prijavnica-2026\/#breadcrumb","itemListElement":[{"@type":"ListItem","position":1,"name":"Home","item":"https:\/\/brezice.eu\/festival\/"},{"@type":"ListItem","position":2,"name":"Razpis 2026"}]},{"@type":"WebSite","@id":"https:\/\/brezice.eu\/festival\/#website","url":"https:\/\/brezice.eu\/festival\/","name":"Mednarodni otro\u0161ki pevski festival Bre\u017eice","description":"Predstavljamo vam najbolj\u0161e mlade evropske pevce od 6 do vklju\u010dno 17 let","publisher":{"@id":"https:\/\/brezice.eu\/festival\/#organization"},"potentialAction":[{"@type":"SearchAction","target":{"@type":"EntryPoint","urlTemplate":"https:\/\/brezice.eu\/festival\/?s={search_term_string}"},"query-input":{"@type":"PropertyValueSpecification","valueRequired":true,"valueName":"search_term_string"}}],"inLanguage":"sl-SI"},{"@type":"Organization","@id":"https:\/\/brezice.eu\/festival\/#organization","name":"Mednarodni otro\u0161ki pevski festival Bre\u017eice","url":"https:\/\/brezice.eu\/festival\/","logo":{"@type":"ImageObject","inLanguage":"sl-SI","@id":"https:\/\/brezice.eu\/festival\/#\/schema\/logo\/image\/","url":"https:\/\/brezice.eu\/festival\/wp-content\/uploads\/2020\/02\/cropped-MOPFBrezice-logo-z-belim-ozadjem-transparent-1.png","contentUrl":"https:\/\/brezice.eu\/festival\/wp-content\/uploads\/2020\/02\/cropped-MOPFBrezice-logo-z-belim-ozadjem-transparent-1.png","width":990,"height":250,"caption":"Mednarodni otro\u0161ki pevski festival Bre\u017eice"},"image":{"@id":"https:\/\/brezice.eu\/festival\/#\/schema\/logo\/image\/"}}]}},"rttpg_featured_image_url":{"full":["https:\/\/brezice.eu\/festival\/wp-content\/uploads\/2026\/03\/Mopf-25-Final-108-scaled.jpg",2560,1707,false],"landscape":["https:\/\/brezice.eu\/festival\/wp-content\/uploads\/2026\/03\/Mopf-25-Final-108-scaled.jpg",2560,1707,false],"portraits":["https:\/\/brezice.eu\/festival\/wp-content\/uploads\/2026\/03\/Mopf-25-Final-108-scaled.jpg",2560,1707,false],"thumbnail":["https:\/\/brezice.eu\/festival\/wp-content\/uploads\/2026\/03\/Mopf-25-Final-108-150x150.jpg",150,150,true],"medium":["https:\/\/brezice.eu\/festival\/wp-content\/uploads\/2026\/03\/Mopf-25-Final-108-300x200.jpg",300,200,true],"large":["https:\/\/brezice.eu\/festival\/wp-content\/uploads\/2026\/03\/Mopf-25-Final-108-1024x683.jpg",525,350,true],"1536x1536":["https:\/\/brezice.eu\/festival\/wp-content\/uploads\/2026\/03\/Mopf-25-Final-108-1536x1024.jpg",1536,1024,true],"2048x2048":["https:\/\/brezice.eu\/festival\/wp-content\/uploads\/2026\/03\/Mopf-25-Final-108-2048x1365.jpg",2048,1365,true],"twentyseventeen-featured-image":["https:\/\/brezice.eu\/festival\/wp-content\/uploads\/2026\/03\/Mopf-25-Final-108-2000x1200.jpg",2000,1200,true],"twentyseventeen-thumbnail-avatar":["https:\/\/brezice.eu\/festival\/wp-content\/uploads\/2026\/03\/Mopf-25-Final-108-100x100.jpg",100,100,true]},"rttpg_author":{"display_name":"Maks","author_link":"https:\/\/brezice.eu\/festival\/author\/maks\/"},"rttpg_comment":0,"rttpg_category":" <a href=\"https:\/\/brezice.eu\/festival\/?taxonomy=translation_priority&#038;term=optional\" rel=\"tag\">Optional<\/a>","rttpg_excerpt":"Razpis za 10. Mednarodni otro\u0161ki pevski festival Bre\u017eice 2026 Festival je brezpla\u010den = 0 EUR. Mednarodni otro\u0161ki pevski festival Bre\u017eice 2026 Organizator festivala:Partitura d.o.o.Gornji trg 201000 Ljubljana Spo\u0161tovani star\u0161i, mentorji, pevke in pevci, objavljamo razpis za sodelovanje na 10. Mednarodnem otro\u0161kem pevskem festivalu Bre\u017eice 2026 (MOPF Bre\u017eice). Festivala se lahko tako kot vedno, udele\u017eijo pevke&hellip;","_links":{"self":[{"href":"https:\/\/brezice.eu\/festival\/wp-json\/wp\/v2\/pages\/2386","targetHints":{"allow":["GET"]}}],"collection":[{"href":"https:\/\/brezice.eu\/festival\/wp-json\/wp\/v2\/pages"}],"about":[{"href":"https:\/\/brezice.eu\/festival\/wp-json\/wp\/v2\/types\/page"}],"author":[{"embeddable":true,"href":"https:\/\/brezice.eu\/festival\/wp-json\/wp\/v2\/users\/1"}],"replies":[{"embeddable":true,"href":"https:\/\/brezice.eu\/festival\/wp-json\/wp\/v2\/comments?post=2386"}],"version-history":[{"count":13,"href":"https:\/\/brezice.eu\/festival\/wp-json\/wp\/v2\/pages\/2386\/revisions"}],"predecessor-version":[{"id":3059,"href":"https:\/\/brezice.eu\/festival\/wp-json\/wp\/v2\/pages\/2386\/revisions\/3059"}],"wp:featuredmedia":[{"embeddable":true,"href":"https:\/\/brezice.eu\/festival\/wp-json\/wp\/v2\/media\/3073"}],"wp:attachment":[{"href":"https:\/\/brezice.eu\/festival\/wp-json\/wp\/v2\/media?parent=2386"}],"curies":[{"name":"wp","href":"https:\/\/api.w.org\/{rel}","templated":true}]}}