{"id":2340,"date":"2023-08-28T02:20:53","date_gmt":"2023-08-28T00:20:53","guid":{"rendered":"https:\/\/brezice.eu\/festival\/?page_id=2340"},"modified":"2023-08-29T22:30:26","modified_gmt":"2023-08-29T20:30:26","slug":"fotografije-2023","status":"publish","type":"page","link":"https:\/\/brezice.eu\/festival\/fotografije-2023\/","title":{"rendered":"Fotografije 2023"},"content":{"rendered":"<p>Galerije 2023:<\/p>\n<p>Fotograf: <a href=\"https:\/\/www.lukarudman.com\/\" target=\"_blank\" rel=\"noopener noreferrer\">Luka Rudman<\/a><\/p>\n<p><figure class=\"embed-gphotos  wp-caption\"><a href=\"https:\/\/photos.google.com\/share\/AF1QipML64Uj8M6Ix6gBcjF2hUUpjQ2PpX3a1Tq0wx-U4SoBKb7IsdwulrYyHhQrp45Zzw?key=b1hUNDh2SXE4S1pmNlA1VlBMNFdNNVNIOTI2REZ3\" target=\"_blank\"><img loading=\"lazy\" decoding=\"async\"    src=\"https:\/\/lh3.googleusercontent.com\/pw\/AP1GczPcgqlHyZp8MS-iaHOTOgm1jgPQkKZ0EqXp-IIZGM_cGn0kbXLJst7--h5Ex0gptK48-4ARK1huj7YAqOnsKR0WXa9Mrkys20EIfRUxc7fiBtYcrgxH=w525-h788\" width=\"525\" height=\"349\"   ><\/a><figcaption class=\"wp-caption-text\"><a href=\"https:\/\/photos.google.com\/share\/AF1QipML64Uj8M6Ix6gBcjF2hUUpjQ2PpX3a1Tq0wx-U4SoBKb7IsdwulrYyHhQrp45Zzw?key=b1hUNDh2SXE4S1pmNlA1VlBMNFdNNVNIOTI2REZ3\" target=\"_blank\">Polfinale 1. del &#8211; Mednarodni otro\u0161ki pevski festival Bre\u017eice 2023 \/ Google Photos<\/a><\/figcaption><\/figure>\n<\/p>\n<p><figure class=\"embed-gphotos  wp-caption\"><a href=\"https:\/\/photos.google.com\/share\/AF1QipOUE3FBwVUAWiB7KIAQfXCTd9bqDwrP1PYNscFBmEAvJges0oQS_n81-vCg-zsh6w?key=Y09SNGpyOFVPTDdnVDNxd08zV19SNDFPUHJacHZR\" target=\"_blank\"><img loading=\"lazy\" decoding=\"async\"    src=\"https:\/\/lh3.googleusercontent.com\/pw\/AP1GczPX3VotSeZKVa_VqpJTpjGyYANSNqVFIf_RC9PGBtMId-vE_YPWVAEw2ny5KDp_ks8oSUjqXLOocOghCp9b_NqV_Ea16si-UJ4CEpWiAK9_34nrM7uT=w525-h788\" width=\"525\" height=\"349\"   ><\/a><figcaption class=\"wp-caption-text\"><a href=\"https:\/\/photos.google.com\/share\/AF1QipOUE3FBwVUAWiB7KIAQfXCTd9bqDwrP1PYNscFBmEAvJges0oQS_n81-vCg-zsh6w?key=Y09SNGpyOFVPTDdnVDNxd08zV19SNDFPUHJacHZR\" target=\"_blank\">Polfinale 2. del &#8211; Mednarodni otro\u0161ki pevski festival Bre\u017eice 2023 \/ Google Photos<\/a><\/figcaption><\/figure>\n<\/p>\n<p><figure class=\"embed-gphotos  wp-caption\"><a href=\"https:\/\/photos.google.com\/share\/AF1QipMZaUpHReVw2iC95yGlNblQRoX6E_kAQa9ojNse8_yz_C8qoHY7CM1FLJorq-kJZg?key=cnlhMHV0bUJPZFNMbWNMMy10LTZWTHNWYVZURDRn\" target=\"_blank\"><img loading=\"lazy\" decoding=\"async\"    src=\"https:\/\/lh3.googleusercontent.com\/pw\/AP1GczOcOL2Rs0tJDGk3w6SmR4KKDl0tiPU8P18Ok3DFLtlXzkKNJZ7alaoFC29zoeuDU-6c_kkvEQql2VyqrFIrgD-uiJi-RozJ9hfxLHBUg0mkuqQeMycD=w525-h788\" width=\"525\" height=\"349\"   ><\/a><figcaption class=\"wp-caption-text\"><a href=\"https:\/\/photos.google.com\/share\/AF1QipMZaUpHReVw2iC95yGlNblQRoX6E_kAQa9ojNse8_yz_C8qoHY7CM1FLJorq-kJZg?key=cnlhMHV0bUJPZFNMbWNMMy10LTZWTHNWYVZURDRn\" target=\"_blank\">Veliki Finale &#8211; Mednarodni otro\u0161ki pevski festival Bre\u017eice 2023 \/ Google Photos<\/a><\/figcaption><\/figure><\/p>\n","protected":false},"excerpt":{"rendered":"<p>Galerije 2023: Fotograf: Luka Rudman Polfinale 1. del &#8211; Mednarodni otro\u0161ki pevski festival Bre\u017eice 2023 \/ Google Photos Polfinale 2. del &#8211; Mednarodni otro\u0161ki pevski festival Bre\u017eice 2023 \/ Google Photos Veliki Finale &#8211; Mednarodni otro\u0161ki pevski festival Bre\u017eice 2023 \/ Google Photos<\/p>\n","protected":false},"author":1,"featured_media":2309,"parent":0,"menu_order":0,"comment_status":"closed","ping_status":"closed","template":"","meta":{"footnotes":""},"class_list":["post-2340","page","type-page","status-publish","has-post-thumbnail","hentry"],"yoast_head":"<!-- This site is optimized with the Yoast SEO plugin v27.4 - https:\/\/yoast.com\/product\/yoast-seo-wordpress\/ -->\n<title>Fotografije 2023 - Mednarodni otro\u0161ki pevski festival Bre\u017eice<\/title>\n<meta name=\"robots\" content=\"index, follow, max-snippet:-1, max-image-preview:large, max-video-preview:-1\" \/>\n<link rel=\"canonical\" href=\"https:\/\/brezice.eu\/festival\/fotografije-2023\/\" \/>\n<meta property=\"og:locale\" content=\"sl_SI\" \/>\n<meta property=\"og:type\" content=\"article\" \/>\n<meta property=\"og:title\" content=\"Fotografije 2023 - Mednarodni otro\u0161ki pevski festival Bre\u017eice\" \/>\n<meta property=\"og:description\" content=\"Galerije 2023: Fotograf: Luka Rudman Polfinale 1. del &#8211; Mednarodni otro\u0161ki pevski festival Bre\u017eice 2023 \/ Google Photos Polfinale 2. del &#8211; Mednarodni otro\u0161ki pevski festival Bre\u017eice 2023 \/ Google Photos Veliki Finale &#8211; Mednarodni otro\u0161ki pevski festival Bre\u017eice 2023 \/ Google Photos\" \/>\n<meta property=\"og:url\" content=\"https:\/\/brezice.eu\/festival\/fotografije-2023\/\" \/>\n<meta property=\"og:site_name\" content=\"Mednarodni otro\u0161ki pevski festival Bre\u017eice\" \/>\n<meta property=\"article:modified_time\" content=\"2023-08-29T20:30:26+00:00\" \/>\n<meta property=\"og:image\" content=\"https:\/\/brezice.eu\/festival\/wp-content\/uploads\/2023\/08\/Zmagovalci-14-17-let-Mednarodni-otroski-pevski-festival-Brezice-2023-Large.jpeg\" \/>\n\t<meta property=\"og:image:width\" content=\"1200\" \/>\n\t<meta property=\"og:image:height\" content=\"799\" \/>\n\t<meta property=\"og:image:type\" content=\"image\/jpeg\" \/>\n<meta name=\"twitter:card\" content=\"summary_large_image\" \/>\n<meta name=\"twitter:label1\" content=\"Est. reading time\" \/>\n\t<meta name=\"twitter:data1\" content=\"1 minuta\" \/>\n<script type=\"application\/ld+json\" class=\"yoast-schema-graph\">{\"@context\":\"https:\\\/\\\/schema.org\",\"@graph\":[{\"@type\":\"WebPage\",\"@id\":\"https:\\\/\\\/brezice.eu\\\/festival\\\/fotografije-2023\\\/\",\"url\":\"https:\\\/\\\/brezice.eu\\\/festival\\\/fotografije-2023\\\/\",\"name\":\"Fotografije 2023 - Mednarodni otro\u0161ki pevski festival Bre\u017eice\",\"isPartOf\":{\"@id\":\"https:\\\/\\\/brezice.eu\\\/festival\\\/#website\"},\"primaryImageOfPage\":{\"@id\":\"https:\\\/\\\/brezice.eu\\\/festival\\\/fotografije-2023\\\/#primaryimage\"},\"image\":{\"@id\":\"https:\\\/\\\/brezice.eu\\\/festival\\\/fotografije-2023\\\/#primaryimage\"},\"thumbnailUrl\":\"https:\\\/\\\/brezice.eu\\\/festival\\\/wp-content\\\/uploads\\\/2023\\\/08\\\/Zmagovalci-14-17-let-Mednarodni-otroski-pevski-festival-Brezice-2023-Large.jpeg\",\"datePublished\":\"2023-08-28T00:20:53+00:00\",\"dateModified\":\"2023-08-29T20:30:26+00:00\",\"breadcrumb\":{\"@id\":\"https:\\\/\\\/brezice.eu\\\/festival\\\/fotografije-2023\\\/#breadcrumb\"},\"inLanguage\":\"sl-SI\",\"potentialAction\":[{\"@type\":\"ReadAction\",\"target\":[\"https:\\\/\\\/brezice.eu\\\/festival\\\/fotografije-2023\\\/\"]}]},{\"@type\":\"ImageObject\",\"inLanguage\":\"sl-SI\",\"@id\":\"https:\\\/\\\/brezice.eu\\\/festival\\\/fotografije-2023\\\/#primaryimage\",\"url\":\"https:\\\/\\\/brezice.eu\\\/festival\\\/wp-content\\\/uploads\\\/2023\\\/08\\\/Zmagovalci-14-17-let-Mednarodni-otroski-pevski-festival-Brezice-2023-Large.jpeg\",\"contentUrl\":\"https:\\\/\\\/brezice.eu\\\/festival\\\/wp-content\\\/uploads\\\/2023\\\/08\\\/Zmagovalci-14-17-let-Mednarodni-otroski-pevski-festival-Brezice-2023-Large.jpeg\",\"width\":1200,\"height\":799},{\"@type\":\"BreadcrumbList\",\"@id\":\"https:\\\/\\\/brezice.eu\\\/festival\\\/fotografije-2023\\\/#breadcrumb\",\"itemListElement\":[{\"@type\":\"ListItem\",\"position\":1,\"name\":\"Home\",\"item\":\"https:\\\/\\\/brezice.eu\\\/festival\\\/\"},{\"@type\":\"ListItem\",\"position\":2,\"name\":\"Fotografije 2023\"}]},{\"@type\":\"WebSite\",\"@id\":\"https:\\\/\\\/brezice.eu\\\/festival\\\/#website\",\"url\":\"https:\\\/\\\/brezice.eu\\\/festival\\\/\",\"name\":\"Mednarodni otro\u0161ki pevski festival Bre\u017eice\",\"description\":\"Predstavljamo vam najbolj\u0161e mlade evropske pevce od 6 do vklju\u010dno 17 let\",\"publisher\":{\"@id\":\"https:\\\/\\\/brezice.eu\\\/festival\\\/#organization\"},\"potentialAction\":[{\"@type\":\"SearchAction\",\"target\":{\"@type\":\"EntryPoint\",\"urlTemplate\":\"https:\\\/\\\/brezice.eu\\\/festival\\\/?s={search_term_string}\"},\"query-input\":{\"@type\":\"PropertyValueSpecification\",\"valueRequired\":true,\"valueName\":\"search_term_string\"}}],\"inLanguage\":\"sl-SI\"},{\"@type\":\"Organization\",\"@id\":\"https:\\\/\\\/brezice.eu\\\/festival\\\/#organization\",\"name\":\"Mednarodni otro\u0161ki pevski festival Bre\u017eice\",\"url\":\"https:\\\/\\\/brezice.eu\\\/festival\\\/\",\"logo\":{\"@type\":\"ImageObject\",\"inLanguage\":\"sl-SI\",\"@id\":\"https:\\\/\\\/brezice.eu\\\/festival\\\/#\\\/schema\\\/logo\\\/image\\\/\",\"url\":\"https:\\\/\\\/brezice.eu\\\/festival\\\/wp-content\\\/uploads\\\/2020\\\/02\\\/cropped-MOPFBrezice-logo-z-belim-ozadjem-transparent-1.png\",\"contentUrl\":\"https:\\\/\\\/brezice.eu\\\/festival\\\/wp-content\\\/uploads\\\/2020\\\/02\\\/cropped-MOPFBrezice-logo-z-belim-ozadjem-transparent-1.png\",\"width\":990,\"height\":250,\"caption\":\"Mednarodni otro\u0161ki pevski festival Bre\u017eice\"},\"image\":{\"@id\":\"https:\\\/\\\/brezice.eu\\\/festival\\\/#\\\/schema\\\/logo\\\/image\\\/\"}}]}<\/script>\n<!-- \/ Yoast SEO plugin. -->","yoast_head_json":{"title":"Fotografije 2023 - Mednarodni otro\u0161ki pevski festival Bre\u017eice","robots":{"index":"index","follow":"follow","max-snippet":"max-snippet:-1","max-image-preview":"max-image-preview:large","max-video-preview":"max-video-preview:-1"},"canonical":"https:\/\/brezice.eu\/festival\/fotografije-2023\/","og_locale":"sl_SI","og_type":"article","og_title":"Fotografije 2023 - Mednarodni otro\u0161ki pevski festival Bre\u017eice","og_description":"Galerije 2023: Fotograf: Luka Rudman Polfinale 1. del &#8211; Mednarodni otro\u0161ki pevski festival Bre\u017eice 2023 \/ Google Photos Polfinale 2. del &#8211; Mednarodni otro\u0161ki pevski festival Bre\u017eice 2023 \/ Google Photos Veliki Finale &#8211; Mednarodni otro\u0161ki pevski festival Bre\u017eice 2023 \/ Google Photos","og_url":"https:\/\/brezice.eu\/festival\/fotografije-2023\/","og_site_name":"Mednarodni otro\u0161ki pevski festival Bre\u017eice","article_modified_time":"2023-08-29T20:30:26+00:00","og_image":[{"width":1200,"height":799,"url":"https:\/\/brezice.eu\/festival\/wp-content\/uploads\/2023\/08\/Zmagovalci-14-17-let-Mednarodni-otroski-pevski-festival-Brezice-2023-Large.jpeg","type":"image\/jpeg"}],"twitter_card":"summary_large_image","twitter_misc":{"Est. reading time":"1 minuta"},"schema":{"@context":"https:\/\/schema.org","@graph":[{"@type":"WebPage","@id":"https:\/\/brezice.eu\/festival\/fotografije-2023\/","url":"https:\/\/brezice.eu\/festival\/fotografije-2023\/","name":"Fotografije 2023 - Mednarodni otro\u0161ki pevski festival Bre\u017eice","isPartOf":{"@id":"https:\/\/brezice.eu\/festival\/#website"},"primaryImageOfPage":{"@id":"https:\/\/brezice.eu\/festival\/fotografije-2023\/#primaryimage"},"image":{"@id":"https:\/\/brezice.eu\/festival\/fotografije-2023\/#primaryimage"},"thumbnailUrl":"https:\/\/brezice.eu\/festival\/wp-content\/uploads\/2023\/08\/Zmagovalci-14-17-let-Mednarodni-otroski-pevski-festival-Brezice-2023-Large.jpeg","datePublished":"2023-08-28T00:20:53+00:00","dateModified":"2023-08-29T20:30:26+00:00","breadcrumb":{"@id":"https:\/\/brezice.eu\/festival\/fotografije-2023\/#breadcrumb"},"inLanguage":"sl-SI","potentialAction":[{"@type":"ReadAction","target":["https:\/\/brezice.eu\/festival\/fotografije-2023\/"]}]},{"@type":"ImageObject","inLanguage":"sl-SI","@id":"https:\/\/brezice.eu\/festival\/fotografije-2023\/#primaryimage","url":"https:\/\/brezice.eu\/festival\/wp-content\/uploads\/2023\/08\/Zmagovalci-14-17-let-Mednarodni-otroski-pevski-festival-Brezice-2023-Large.jpeg","contentUrl":"https:\/\/brezice.eu\/festival\/wp-content\/uploads\/2023\/08\/Zmagovalci-14-17-let-Mednarodni-otroski-pevski-festival-Brezice-2023-Large.jpeg","width":1200,"height":799},{"@type":"BreadcrumbList","@id":"https:\/\/brezice.eu\/festival\/fotografije-2023\/#breadcrumb","itemListElement":[{"@type":"ListItem","position":1,"name":"Home","item":"https:\/\/brezice.eu\/festival\/"},{"@type":"ListItem","position":2,"name":"Fotografije 2023"}]},{"@type":"WebSite","@id":"https:\/\/brezice.eu\/festival\/#website","url":"https:\/\/brezice.eu\/festival\/","name":"Mednarodni otro\u0161ki pevski festival Bre\u017eice","description":"Predstavljamo vam najbolj\u0161e mlade evropske pevce od 6 do vklju\u010dno 17 let","publisher":{"@id":"https:\/\/brezice.eu\/festival\/#organization"},"potentialAction":[{"@type":"SearchAction","target":{"@type":"EntryPoint","urlTemplate":"https:\/\/brezice.eu\/festival\/?s={search_term_string}"},"query-input":{"@type":"PropertyValueSpecification","valueRequired":true,"valueName":"search_term_string"}}],"inLanguage":"sl-SI"},{"@type":"Organization","@id":"https:\/\/brezice.eu\/festival\/#organization","name":"Mednarodni otro\u0161ki pevski festival Bre\u017eice","url":"https:\/\/brezice.eu\/festival\/","logo":{"@type":"ImageObject","inLanguage":"sl-SI","@id":"https:\/\/brezice.eu\/festival\/#\/schema\/logo\/image\/","url":"https:\/\/brezice.eu\/festival\/wp-content\/uploads\/2020\/02\/cropped-MOPFBrezice-logo-z-belim-ozadjem-transparent-1.png","contentUrl":"https:\/\/brezice.eu\/festival\/wp-content\/uploads\/2020\/02\/cropped-MOPFBrezice-logo-z-belim-ozadjem-transparent-1.png","width":990,"height":250,"caption":"Mednarodni otro\u0161ki pevski festival Bre\u017eice"},"image":{"@id":"https:\/\/brezice.eu\/festival\/#\/schema\/logo\/image\/"}}]}},"rttpg_featured_image_url":{"full":["https:\/\/brezice.eu\/festival\/wp-content\/uploads\/2023\/08\/Zmagovalci-14-17-let-Mednarodni-otroski-pevski-festival-Brezice-2023-Large.jpeg",1200,799,false],"landscape":["https:\/\/brezice.eu\/festival\/wp-content\/uploads\/2023\/08\/Zmagovalci-14-17-let-Mednarodni-otroski-pevski-festival-Brezice-2023-Large.jpeg",1200,799,false],"portraits":["https:\/\/brezice.eu\/festival\/wp-content\/uploads\/2023\/08\/Zmagovalci-14-17-let-Mednarodni-otroski-pevski-festival-Brezice-2023-Large.jpeg",1200,799,false],"thumbnail":["https:\/\/brezice.eu\/festival\/wp-content\/uploads\/2023\/08\/Zmagovalci-14-17-let-Mednarodni-otroski-pevski-festival-Brezice-2023-Large-150x150.jpeg",150,150,true],"medium":["https:\/\/brezice.eu\/festival\/wp-content\/uploads\/2023\/08\/Zmagovalci-14-17-let-Mednarodni-otroski-pevski-festival-Brezice-2023-Large-300x200.jpeg",300,200,true],"large":["https:\/\/brezice.eu\/festival\/wp-content\/uploads\/2023\/08\/Zmagovalci-14-17-let-Mednarodni-otroski-pevski-festival-Brezice-2023-Large-1024x682.jpeg",525,350,true],"1536x1536":["https:\/\/brezice.eu\/festival\/wp-content\/uploads\/2023\/08\/Zmagovalci-14-17-let-Mednarodni-otroski-pevski-festival-Brezice-2023-Large.jpeg",1200,799,false],"2048x2048":["https:\/\/brezice.eu\/festival\/wp-content\/uploads\/2023\/08\/Zmagovalci-14-17-let-Mednarodni-otroski-pevski-festival-Brezice-2023-Large.jpeg",1200,799,false],"twentyseventeen-featured-image":["https:\/\/brezice.eu\/festival\/wp-content\/uploads\/2023\/08\/Zmagovalci-14-17-let-Mednarodni-otroski-pevski-festival-Brezice-2023-Large.jpeg",1200,799,false],"twentyseventeen-thumbnail-avatar":["https:\/\/brezice.eu\/festival\/wp-content\/uploads\/2023\/08\/Zmagovalci-14-17-let-Mednarodni-otroski-pevski-festival-Brezice-2023-Large-100x100.jpeg",100,100,true]},"rttpg_author":{"display_name":"Maks","author_link":"https:\/\/brezice.eu\/festival\/author\/maks\/"},"rttpg_comment":0,"rttpg_category":" <a href=\"https:\/\/brezice.eu\/festival\/?taxonomy=translation_priority&#038;term=optional\" rel=\"tag\">Optional<\/a>","rttpg_excerpt":"Galerije 2023: Fotograf: Luka Rudman Polfinale 1. del &#8211; Mednarodni otro\u0161ki pevski festival Bre\u017eice 2023 \/ Google Photos Polfinale 2. del &#8211; Mednarodni otro\u0161ki pevski festival Bre\u017eice 2023 \/ Google Photos Veliki Finale &#8211; Mednarodni otro\u0161ki pevski festival Bre\u017eice 2023 \/ Google Photos","_links":{"self":[{"href":"https:\/\/brezice.eu\/festival\/wp-json\/wp\/v2\/pages\/2340","targetHints":{"allow":["GET"]}}],"collection":[{"href":"https:\/\/brezice.eu\/festival\/wp-json\/wp\/v2\/pages"}],"about":[{"href":"https:\/\/brezice.eu\/festival\/wp-json\/wp\/v2\/types\/page"}],"author":[{"embeddable":true,"href":"https:\/\/brezice.eu\/festival\/wp-json\/wp\/v2\/users\/1"}],"replies":[{"embeddable":true,"href":"https:\/\/brezice.eu\/festival\/wp-json\/wp\/v2\/comments?post=2340"}],"version-history":[{"count":2,"href":"https:\/\/brezice.eu\/festival\/wp-json\/wp\/v2\/pages\/2340\/revisions"}],"predecessor-version":[{"id":2350,"href":"https:\/\/brezice.eu\/festival\/wp-json\/wp\/v2\/pages\/2340\/revisions\/2350"}],"wp:featuredmedia":[{"embeddable":true,"href":"https:\/\/brezice.eu\/festival\/wp-json\/wp\/v2\/media\/2309"}],"wp:attachment":[{"href":"https:\/\/brezice.eu\/festival\/wp-json\/wp\/v2\/media?parent=2340"}],"curies":[{"name":"wp","href":"https:\/\/api.w.org\/{rel}","templated":true}]}}