{"id":1260,"date":"2019-08-22T23:35:29","date_gmt":"2019-08-22T21:35:29","guid":{"rendered":"https:\/\/brezice.eu\/festival\/?page_id=1260"},"modified":"2019-12-09T22:32:53","modified_gmt":"2019-12-09T21:32:53","slug":"video-2019","status":"publish","type":"page","link":"https:\/\/brezice.eu\/festival\/video-2019\/","title":{"rendered":"Video 2019"},"content":{"rendered":"<h1>Mednarodni otro\u0161ki pevski festival Bre\u017eice 2019<\/h1>\n<p>Leto\u0161nji posnetek je sestavljen iz dveh delov:<\/p>\n<ol>\n<li>del vsebuje nastope prve in druge starostne skupine<\/li>\n<li>del vsebuje nastope tretje starostne skupine<\/li>\n<\/ol>\n<figure class=\"embed-gphotos  wp-caption\"><a href=\"https:\/\/photos.google.com\/share\/AF1QipMMkFHAqshtoQUOAphRgZQO4wAab1uc1iSSbb8s--2Z3FsT_RsvOD-2MshqqlffLw?key=OU9QSnZiQjFCMV9SWl82akFoMUhyUXVDM3oyZkl3\" target=\"_blank\"><img loading=\"lazy\" decoding=\"async\"    src=\"https:\/\/lh3.googleusercontent.com\/pw\/AP1GczNagjmhijMRo2hFD-z0m3RJJDl-NCulSGpdXbN6BBmmhr-x3J6B2t8_5_8TWYNxKaDFvE19wqzG_a5X96LsD2n_2W72XiQrk8-3t3olS1O5Yjw5kV3k=w525-h788\" width=\"525\" height=\"295\"   ><\/a><figcaption class=\"wp-caption-text\"><a href=\"https:\/\/photos.google.com\/share\/AF1QipMMkFHAqshtoQUOAphRgZQO4wAab1uc1iSSbb8s--2Z3FsT_RsvOD-2MshqqlffLw?key=OU9QSnZiQjFCMV9SWl82akFoMUhyUXVDM3oyZkl3\" target=\"_blank\">Mednarodni otro\u0161ki pevski festival Bre\u017eice 2019 \/ Google Photos<\/a><\/figcaption><\/figure>\n<p>Sponzorji 2019:<\/p>\n<p><iframe loading=\"lazy\" src=\"https:\/\/www.youtube.com\/embed\/videoseries?list=PLkhEpE3Fd6xV6heMYfCcqLl6Xq0-pjH2t&amp;autoplay=1&amp;loop=1\" width=\"560\" height=\"315\" frameborder=\"0\" allowfullscreen=\"allowfullscreen\"><\/iframe><\/p>\n","protected":false},"excerpt":{"rendered":"<p>Mednarodni otro\u0161ki pevski festival Bre\u017eice 2019 Leto\u0161nji posnetek je sestavljen iz dveh delov: del vsebuje nastope prve in druge starostne skupine del vsebuje nastope tretje starostne skupine Mednarodni otro\u0161ki pevski festival Bre\u017eice 2019 \/ Google Photos Sponzorji 2019:<\/p>\n","protected":false},"author":1,"featured_media":0,"parent":0,"menu_order":0,"comment_status":"closed","ping_status":"closed","template":"","meta":{"footnotes":""},"class_list":["post-1260","page","type-page","status-publish","hentry"],"yoast_head":"<!-- This site is optimized with the Yoast SEO plugin v27.4 - https:\/\/yoast.com\/product\/yoast-seo-wordpress\/ -->\n<title>Video 2019 - Mednarodni otro\u0161ki pevski festival Bre\u017eice<\/title>\n<meta name=\"robots\" content=\"index, follow, max-snippet:-1, max-image-preview:large, max-video-preview:-1\" \/>\n<link rel=\"canonical\" href=\"https:\/\/brezice.eu\/festival\/video-2019\/\" \/>\n<meta property=\"og:locale\" content=\"sl_SI\" \/>\n<meta property=\"og:type\" content=\"article\" \/>\n<meta property=\"og:title\" content=\"Video 2019 - Mednarodni otro\u0161ki pevski festival Bre\u017eice\" \/>\n<meta property=\"og:description\" content=\"Mednarodni otro\u0161ki pevski festival Bre\u017eice 2019 Leto\u0161nji posnetek je sestavljen iz dveh delov: del vsebuje nastope prve in druge starostne skupine del vsebuje nastope tretje starostne skupine Mednarodni otro\u0161ki pevski festival Bre\u017eice 2019 \/ Google Photos Sponzorji 2019:\" \/>\n<meta property=\"og:url\" content=\"https:\/\/brezice.eu\/festival\/video-2019\/\" \/>\n<meta property=\"og:site_name\" content=\"Mednarodni otro\u0161ki pevski festival Bre\u017eice\" \/>\n<meta property=\"article:modified_time\" content=\"2019-12-09T21:32:53+00:00\" \/>\n<meta name=\"twitter:card\" content=\"summary_large_image\" \/>\n<script type=\"application\/ld+json\" class=\"yoast-schema-graph\">{\"@context\":\"https:\\\/\\\/schema.org\",\"@graph\":[{\"@type\":\"WebPage\",\"@id\":\"https:\\\/\\\/brezice.eu\\\/festival\\\/video-2019\\\/\",\"url\":\"https:\\\/\\\/brezice.eu\\\/festival\\\/video-2019\\\/\",\"name\":\"Video 2019 - Mednarodni otro\u0161ki pevski festival Bre\u017eice\",\"isPartOf\":{\"@id\":\"https:\\\/\\\/brezice.eu\\\/festival\\\/#website\"},\"datePublished\":\"2019-08-22T21:35:29+00:00\",\"dateModified\":\"2019-12-09T21:32:53+00:00\",\"breadcrumb\":{\"@id\":\"https:\\\/\\\/brezice.eu\\\/festival\\\/video-2019\\\/#breadcrumb\"},\"inLanguage\":\"sl-SI\",\"potentialAction\":[{\"@type\":\"ReadAction\",\"target\":[\"https:\\\/\\\/brezice.eu\\\/festival\\\/video-2019\\\/\"]}]},{\"@type\":\"BreadcrumbList\",\"@id\":\"https:\\\/\\\/brezice.eu\\\/festival\\\/video-2019\\\/#breadcrumb\",\"itemListElement\":[{\"@type\":\"ListItem\",\"position\":1,\"name\":\"Home\",\"item\":\"https:\\\/\\\/brezice.eu\\\/festival\\\/\"},{\"@type\":\"ListItem\",\"position\":2,\"name\":\"Video 2019\"}]},{\"@type\":\"WebSite\",\"@id\":\"https:\\\/\\\/brezice.eu\\\/festival\\\/#website\",\"url\":\"https:\\\/\\\/brezice.eu\\\/festival\\\/\",\"name\":\"Mednarodni otro\u0161ki pevski festival Bre\u017eice\",\"description\":\"Predstavljamo vam najbolj\u0161e mlade evropske pevce od 6 do vklju\u010dno 17 let\",\"publisher\":{\"@id\":\"https:\\\/\\\/brezice.eu\\\/festival\\\/#organization\"},\"potentialAction\":[{\"@type\":\"SearchAction\",\"target\":{\"@type\":\"EntryPoint\",\"urlTemplate\":\"https:\\\/\\\/brezice.eu\\\/festival\\\/?s={search_term_string}\"},\"query-input\":{\"@type\":\"PropertyValueSpecification\",\"valueRequired\":true,\"valueName\":\"search_term_string\"}}],\"inLanguage\":\"sl-SI\"},{\"@type\":\"Organization\",\"@id\":\"https:\\\/\\\/brezice.eu\\\/festival\\\/#organization\",\"name\":\"Mednarodni otro\u0161ki pevski festival Bre\u017eice\",\"url\":\"https:\\\/\\\/brezice.eu\\\/festival\\\/\",\"logo\":{\"@type\":\"ImageObject\",\"inLanguage\":\"sl-SI\",\"@id\":\"https:\\\/\\\/brezice.eu\\\/festival\\\/#\\\/schema\\\/logo\\\/image\\\/\",\"url\":\"https:\\\/\\\/brezice.eu\\\/festival\\\/wp-content\\\/uploads\\\/2020\\\/02\\\/cropped-MOPFBrezice-logo-z-belim-ozadjem-transparent-1.png\",\"contentUrl\":\"https:\\\/\\\/brezice.eu\\\/festival\\\/wp-content\\\/uploads\\\/2020\\\/02\\\/cropped-MOPFBrezice-logo-z-belim-ozadjem-transparent-1.png\",\"width\":990,\"height\":250,\"caption\":\"Mednarodni otro\u0161ki pevski festival Bre\u017eice\"},\"image\":{\"@id\":\"https:\\\/\\\/brezice.eu\\\/festival\\\/#\\\/schema\\\/logo\\\/image\\\/\"}}]}<\/script>\n<!-- \/ Yoast SEO plugin. -->","yoast_head_json":{"title":"Video 2019 - Mednarodni otro\u0161ki pevski festival Bre\u017eice","robots":{"index":"index","follow":"follow","max-snippet":"max-snippet:-1","max-image-preview":"max-image-preview:large","max-video-preview":"max-video-preview:-1"},"canonical":"https:\/\/brezice.eu\/festival\/video-2019\/","og_locale":"sl_SI","og_type":"article","og_title":"Video 2019 - Mednarodni otro\u0161ki pevski festival Bre\u017eice","og_description":"Mednarodni otro\u0161ki pevski festival Bre\u017eice 2019 Leto\u0161nji posnetek je sestavljen iz dveh delov: del vsebuje nastope prve in druge starostne skupine del vsebuje nastope tretje starostne skupine Mednarodni otro\u0161ki pevski festival Bre\u017eice 2019 \/ Google Photos Sponzorji 2019:","og_url":"https:\/\/brezice.eu\/festival\/video-2019\/","og_site_name":"Mednarodni otro\u0161ki pevski festival Bre\u017eice","article_modified_time":"2019-12-09T21:32:53+00:00","twitter_card":"summary_large_image","schema":{"@context":"https:\/\/schema.org","@graph":[{"@type":"WebPage","@id":"https:\/\/brezice.eu\/festival\/video-2019\/","url":"https:\/\/brezice.eu\/festival\/video-2019\/","name":"Video 2019 - Mednarodni otro\u0161ki pevski festival Bre\u017eice","isPartOf":{"@id":"https:\/\/brezice.eu\/festival\/#website"},"datePublished":"2019-08-22T21:35:29+00:00","dateModified":"2019-12-09T21:32:53+00:00","breadcrumb":{"@id":"https:\/\/brezice.eu\/festival\/video-2019\/#breadcrumb"},"inLanguage":"sl-SI","potentialAction":[{"@type":"ReadAction","target":["https:\/\/brezice.eu\/festival\/video-2019\/"]}]},{"@type":"BreadcrumbList","@id":"https:\/\/brezice.eu\/festival\/video-2019\/#breadcrumb","itemListElement":[{"@type":"ListItem","position":1,"name":"Home","item":"https:\/\/brezice.eu\/festival\/"},{"@type":"ListItem","position":2,"name":"Video 2019"}]},{"@type":"WebSite","@id":"https:\/\/brezice.eu\/festival\/#website","url":"https:\/\/brezice.eu\/festival\/","name":"Mednarodni otro\u0161ki pevski festival Bre\u017eice","description":"Predstavljamo vam najbolj\u0161e mlade evropske pevce od 6 do vklju\u010dno 17 let","publisher":{"@id":"https:\/\/brezice.eu\/festival\/#organization"},"potentialAction":[{"@type":"SearchAction","target":{"@type":"EntryPoint","urlTemplate":"https:\/\/brezice.eu\/festival\/?s={search_term_string}"},"query-input":{"@type":"PropertyValueSpecification","valueRequired":true,"valueName":"search_term_string"}}],"inLanguage":"sl-SI"},{"@type":"Organization","@id":"https:\/\/brezice.eu\/festival\/#organization","name":"Mednarodni otro\u0161ki pevski festival Bre\u017eice","url":"https:\/\/brezice.eu\/festival\/","logo":{"@type":"ImageObject","inLanguage":"sl-SI","@id":"https:\/\/brezice.eu\/festival\/#\/schema\/logo\/image\/","url":"https:\/\/brezice.eu\/festival\/wp-content\/uploads\/2020\/02\/cropped-MOPFBrezice-logo-z-belim-ozadjem-transparent-1.png","contentUrl":"https:\/\/brezice.eu\/festival\/wp-content\/uploads\/2020\/02\/cropped-MOPFBrezice-logo-z-belim-ozadjem-transparent-1.png","width":990,"height":250,"caption":"Mednarodni otro\u0161ki pevski festival Bre\u017eice"},"image":{"@id":"https:\/\/brezice.eu\/festival\/#\/schema\/logo\/image\/"}}]}},"rttpg_featured_image_url":null,"rttpg_author":{"display_name":"Maks","author_link":"https:\/\/brezice.eu\/festival\/author\/maks\/"},"rttpg_comment":0,"rttpg_category":false,"rttpg_excerpt":"Mednarodni otro\u0161ki pevski festival Bre\u017eice 2019 Leto\u0161nji posnetek je sestavljen iz dveh delov: del vsebuje nastope prve in druge starostne skupine del vsebuje nastope tretje starostne skupine Mednarodni otro\u0161ki pevski festival Bre\u017eice 2019 \/ Google Photos Sponzorji 2019:","_links":{"self":[{"href":"https:\/\/brezice.eu\/festival\/wp-json\/wp\/v2\/pages\/1260","targetHints":{"allow":["GET"]}}],"collection":[{"href":"https:\/\/brezice.eu\/festival\/wp-json\/wp\/v2\/pages"}],"about":[{"href":"https:\/\/brezice.eu\/festival\/wp-json\/wp\/v2\/types\/page"}],"author":[{"embeddable":true,"href":"https:\/\/brezice.eu\/festival\/wp-json\/wp\/v2\/users\/1"}],"replies":[{"embeddable":true,"href":"https:\/\/brezice.eu\/festival\/wp-json\/wp\/v2\/comments?post=1260"}],"version-history":[{"count":7,"href":"https:\/\/brezice.eu\/festival\/wp-json\/wp\/v2\/pages\/1260\/revisions"}],"predecessor-version":[{"id":1440,"href":"https:\/\/brezice.eu\/festival\/wp-json\/wp\/v2\/pages\/1260\/revisions\/1440"}],"wp:attachment":[{"href":"https:\/\/brezice.eu\/festival\/wp-json\/wp\/v2\/media?parent=1260"}],"curies":[{"name":"wp","href":"https:\/\/api.w.org\/{rel}","templated":true}]}}